{"id":2314,"date":"2023-06-02T13:44:57","date_gmt":"2023-06-02T11:44:57","guid":{"rendered":"https:\/\/mojomovies.pl\/?page_id=2314"},"modified":"2023-06-02T13:44:57","modified_gmt":"2023-06-02T11:44:57","slug":"podcast","status":"publish","type":"page","link":"https:\/\/mojomovies.pl\/?page_id=2314&lang=en","title":{"rendered":"Podcast"},"content":{"rendered":"<div class=\"wpb-content-wrapper\"><p>[vc_row][vc_column offset=&#8221;vc_col-lg-offset-2 vc_col-lg-8 vc_col-md-offset-1 vc_col-md-10 vc_col-xs-12&#8243;]      <div class=\"heading-block heading-5cdc0e9373c0d tal h-h1 vc_custom_1654703887704\">\n                  <h1 class=\"h\">Ostatnie <span>wpisy<\/span><\/h1>\n              <\/div>\n    [\/vc_column][vc_column offset=&#8221;vc_col-lg-offset-2 vc_col-lg-8 vc_col-md-offset-1 vc_col-md-10 vc_col-xs-12&#8243; uniqid=&#8221;5cdc0e9f7b92e&#8221;]      <div class=\"blog-block filter-block blog-5cda819fdfe7e vc_custom_1655995391363\">\n                <div class=\" blog-items row isotope blog-horizontal load-wrap\">\n                      <div class=\"grid-sizer col-1\"><\/div>\n                                  <article class=\"blog-item  col-12 category-uncategorized\">\n              <div class=\"wrap  wpb_animate_when_almost_visible wpb_fadeInLeft fadeInLeft\">\n                                  <div class=\"a-img\">\n                                          <div style=\"background-image: url(https:\/\/mojomovies.pl\/wp-content\/uploads\/2023\/05\/Artur_Liebhart_fot_Jerzy_Wypych-683x1024.jpeg)\"><\/div>\n                                        <a href=\"https:\/\/mojomovies.pl\/?p=2391&#038;lang=en\" data-magic-cursor=\"link-w-text\" data-magic-cursor-text=\"Poka\u017c\"><\/a>\n                  <\/div>\n                                <div class=\"content\">\n                                      <div class=\"date\">23\/06\/2023<\/div>\n                                      <h5 class=\"title\"><a href=\"https:\/\/mojomovies.pl\/?p=2391&#038;lang=en\">Watching Closely #19 - Artur Liebhart - Why is it important to watch documentary movies?<\/a><\/h5>\n                                      <div class=\"desc\">\nArtur Liebhart, dyrektor festiwalu Millennium Docs Against Gravity, wyzna\u0142 nam, kt\u00f3re filmy sprawi\u0142y, \u017ce pokocha\u0142 kino dokumentalne i sk\u0105d wzi\u0119\u0142a si\u0119 u niego potrzeba pokazywania ludziom takich produkcji.&nbsp; Korzystaj\u0105c z tego, \u017ce by\u0142 kolejnym go\u015bciem naszego podkastu, zapytali\u015bmy go o filmowy \"starter pack\", od kt\u00f3r...<\/div>\n                                      <a class=\"button-style1\" href=\"https:\/\/mojomovies.pl\/?p=2391&#038;lang=en\"><span>Czytaj wi\u0119cej<\/span><\/a>\n                                  <\/div>\n              <\/div>\n            <\/article>\n                                  <article class=\"blog-item  col-12 category-uncategorized\">\n              <div class=\"wrap  wpb_animate_when_almost_visible wpb_fadeInLeft fadeInLeft\">\n                                  <div class=\"a-img\">\n                                          <div style=\"background-image: url(https:\/\/mojomovies.pl\/wp-content\/uploads\/2023\/05\/Artur_Liebhart_fot_Jerzy_Wypych-683x1024.jpeg)\"><\/div>\n                                        <a href=\"https:\/\/mojomovies.pl\/?p=2282\" data-magic-cursor=\"link-w-text\" data-magic-cursor-text=\"Poka\u017c\"><\/a>\n                  <\/div>\n                                <div class=\"content\">\n                                      <div class=\"date\">10\/05\/2023<\/div>\n                                      <h5 class=\"title\"><a href=\"https:\/\/mojomovies.pl\/?p=2282\">Watching Closely #19 - Artur Liebhart - Dlaczego warto ogl\u0105da\u0107 filmy dokumentalne?<\/a><\/h5>\n                                      <div class=\"desc\">\nArtur Liebhart, dyrektor festiwalu Millennium Docs Against Gravity, wyzna\u0142 nam, kt\u00f3re filmy sprawi\u0142y, \u017ce pokocha\u0142 kino dokumentalne i sk\u0105d wzi\u0119\u0142a si\u0119 u niego potrzeba pokazywania ludziom takich produkcji.&nbsp; Korzystaj\u0105c z tego, \u017ce by\u0142 kolejnym go\u015bciem naszego podkastu, zapytali\u015bmy go o filmowy \"starter pack\", od kt\u00f3r...<\/div>\n                                      <a class=\"button-style1\" href=\"https:\/\/mojomovies.pl\/?p=2282\"><span>Czytaj wi\u0119cej<\/span><\/a>\n                                  <\/div>\n              <\/div>\n            <\/article>\n                                  <article class=\"blog-item  col-12 category-uncategorized\">\n              <div class=\"wrap  wpb_animate_when_almost_visible wpb_fadeInLeft fadeInLeft\">\n                                  <div class=\"a-img\">\n                                          <div style=\"background-image: url(https:\/\/mojomovies.pl\/wp-content\/uploads\/2023\/04\/IMG_4272-1024x768.jpg)\"><\/div>\n                                        <a href=\"https:\/\/mojomovies.pl\/?p=2275\" data-magic-cursor=\"link-w-text\" data-magic-cursor-text=\"Poka\u017c\"><\/a>\n                  <\/div>\n                                <div class=\"content\">\n                                      <div class=\"date\">26\/04\/2023<\/div>\n                                      <h5 class=\"title\"><a href=\"https:\/\/mojomovies.pl\/?p=2275\">Watch Like Mojo #18 - Konrad Aksinowicz - Part I - Dlaczego uciek\u0142 do Australii \u017ceby kr\u0119ci\u0107 filmy w Polsce?<\/a><\/h5>\n                                      <div class=\"desc\">\nKonrad Aksinowicz kolejnym go\u015bciem naszego podcastu!\n\n\n\nTo re\u017cyser i scenarzysta jednego z naszych ulubionych polskich film\u00f3w ostatnich lat - \u201ePowrotu do tamtych dni\u201d.\n\n\n\nUsiedli\u015bmy z Konradem na backstage\u2019u Kina Nowe Horyzonty i przegadali\u015bmy tyle czasu, ile trwa\u0142 jego film puszczony w kinie dla pe\u0142ej sali widz\u00f3w.\n\n\n\nZ...<\/div>\n                                      <a class=\"button-style1\" href=\"https:\/\/mojomovies.pl\/?p=2275\"><span>Czytaj wi\u0119cej<\/span><\/a>\n                                  <\/div>\n              <\/div>\n            <\/article>\n                                  <article class=\"blog-item  col-12 category-uncategorized\">\n              <div class=\"wrap  wpb_animate_when_almost_visible wpb_fadeInLeft fadeInLeft\">\n                                  <div class=\"a-img\">\n                                          <div style=\"background-image: url(https:\/\/mojomovies.pl\/wp-content\/uploads\/2023\/04\/Krzysztof-Zanussi-cover-photo-blog-1024x576.jpg)\"><\/div>\n                                        <a href=\"https:\/\/mojomovies.pl\/?p=2185\" data-magic-cursor=\"link-w-text\" data-magic-cursor-text=\"Poka\u017c\"><\/a>\n                  <\/div>\n                                <div class=\"content\">\n                                      <div class=\"date\">12\/04\/2023<\/div>\n                                      <h5 class=\"title\"><a href=\"https:\/\/mojomovies.pl\/?p=2185\">Watch Like Mojo #17 - Krzysztof Zanussi - Jak przetrwa\u0107 w przemy\u015ble filmowym i pozosta\u0107\u00a0sob\u0105?<\/a><\/h5>\n                                      <div class=\"desc\">\nTen g\u0142os, ta kultura s\u0142owa, ta niesamowita kariera, kt\u00f3ra da\u0142a nam takie dzie\u0142a jak \u201eBarwy ochronne\u201d czy \u201e\u017bycie jako \u015bmiertelna choroba przenoszona drog\u0105 p\u0142ciow\u0105\u201d i takie postaci polskiego kina jak docent Szelestowski zagrany genialnie przez nie\u017cyj\u0105cego niestety Zbigniewa Zapasiewicza. Krzysztofa Zanussiego nie opuszcza...<\/div>\n                                      <a class=\"button-style1\" href=\"https:\/\/mojomovies.pl\/?p=2185\"><span>Czytaj wi\u0119cej<\/span><\/a>\n                                  <\/div>\n              <\/div>\n            <\/article>\n                                  <article class=\"blog-item  col-12 category-uncategorized\">\n              <div class=\"wrap  wpb_animate_when_almost_visible wpb_fadeInLeft fadeInLeft\">\n                                  <div class=\"a-img\">\n                                          <div style=\"background-image: url(https:\/\/mojomovies.pl\/wp-content\/uploads\/2023\/03\/Adam-Flamma-Coverphoto-1024x576.jpg)\"><\/div>\n                                        <a href=\"https:\/\/mojomovies.pl\/?p=2179\" data-magic-cursor=\"link-w-text\" data-magic-cursor-text=\"Poka\u017c\"><\/a>\n                  <\/div>\n                                <div class=\"content\">\n                                      <div class=\"date\">29\/03\/2023<\/div>\n                                      <h5 class=\"title\"><a href=\"https:\/\/mojomovies.pl\/?p=2179\">Watch Like Mojo #16 - dr Adam Flamma - Jak nale\u017cy ekranizowa\u0107 gry wideo by nie by\u0142o p\u00f3\u017aniej wstydu?<\/a><\/h5>\n                                      <div class=\"desc\">\nNajnowszy odcinek podcastu przynosi do\u015b\u0107 nietypowego go\u015bcia. Dr Adam Flamma to prawdziwy specjalista od gier wideo. Jest zar\u00f3wno teoretykiem, jak i praktykiem. Z jednej strony projektuje gry wideo i konsultuje r\u00f3\u017cne produkcje. Z drugiej strony naucza sztuki robienia gier student\u00f3w robi\u0105c z nimi gry na \u015bwiatowy rynek. To...<\/div>\n                                      <a class=\"button-style1\" href=\"https:\/\/mojomovies.pl\/?p=2179\"><span>Czytaj wi\u0119cej<\/span><\/a>\n                                  <\/div>\n              <\/div>\n            <\/article>\n                                  <article class=\"blog-item  col-12 category-uncategorized\">\n              <div class=\"wrap  wpb_animate_when_almost_visible wpb_fadeInLeft fadeInLeft\">\n                                  <div class=\"a-img\">\n                                          <div style=\"background-image: url(https:\/\/mojomovies.pl\/wp-content\/uploads\/2023\/03\/Walkiewicz-1024x1024.jpeg)\"><\/div>\n                                        <a href=\"https:\/\/mojomovies.pl\/?p=2168\" data-magic-cursor=\"link-w-text\" data-magic-cursor-text=\"Poka\u017c\"><\/a>\n                  <\/div>\n                                <div class=\"content\">\n                                      <div class=\"date\">15\/03\/2023<\/div>\n                                      <h5 class=\"title\"><a href=\"https:\/\/mojomovies.pl\/?p=2168\">Watch Like Mojo #15 - Micha\u0142 Walkiewicz - Jak si\u0119 tworzy najwi\u0119ksz\u0105 filmow\u0105 spo\u0142eczno\u015b\u0107 w Polsce na Filmweb.pl?<\/a><\/h5>\n                                      <div class=\"desc\">\nGo\u015bciem najnowszego odcinka naszego podcastu Watch Like Mojo jest Micha\u0142 Walkiewicz. Micha\u0142 jest kapitanem statku o nazwie Filmweb.pl, gdzie jest redaktorem naczelnym. To prawdziwy weteran. Pisze o filmach, grach, je\u017adzi na festiwale i rozmawia z najwi\u0119kszymi gwiazdami filmowymi. W naszej rozmowie wchodzimy na zaplecze ...<\/div>\n                                      <a class=\"button-style1\" href=\"https:\/\/mojomovies.pl\/?p=2168\"><span>Czytaj wi\u0119cej<\/span><\/a>\n                                  <\/div>\n              <\/div>\n            <\/article>\n                  <\/div>\n                  <div class=\"loadmore-button-block\"><a class=\"loadmore-button\" href=\"#\" data-wrap=\".blog-5cda819fdfe7e .load-wrap\" data-action=\"blog\" data-max=\"4\" data-start-page=\"1\" data-next-link=\"https:\/\/mojomovies.pl\/index.php?rest_route=%2Fwp%2Fv2%2Fpages%2F2314&#038;paged=2\"><span>load more<\/span><\/a><\/div>\n              <\/div>\n      [\/vc_column][\/vc_row][vc_row uniqid=&#8221;632a21ad87259&#8243;][vc_column][vc_column_text css_animation=&#8221;fadeIn&#8221;]<\/p>\n<p style=\"text-align: center;\">Chcesz pozna\u0107 kulisy pracy studia filmowego? Otrzyma\u0107 kilka dobrych rad w temacie promocji za pomoc\u0105 wideo? Zajrzyj do naszego firmowego bloga Watch Like Mojo!<\/p>\n<p>[\/vc_column_text][\/vc_column][\/vc_row]<\/p>\n<\/div>","protected":false},"excerpt":{"rendered":"<p>[vc_row][vc_column offset=&#8221;vc_col-lg-offset-2 vc_col-lg-8 vc_col-md-offset-1 vc_col-md-10 vc_col-xs-12&#8243;][\/vc_column][vc_column offset=&#8221;vc_col-lg-offset-2 vc_col-lg-8 vc_col-md-offset-1 vc_col-md-10 vc_col-xs-12&#8243; uniqid=&#8221;5cdc0e9f7b92e&#8221;][\/vc_column][\/vc_row][vc_row uniqid=&#8221;632a21ad87259&#8243;][vc_column][vc_column_text css_animation=&#8221;fadeIn&#8221;] Chcesz pozna\u0107 kulisy pracy studia filmowego? Otrzyma\u0107 kilka dobrych rad w temacie promocji za pomoc\u0105 wideo? Zajrzyj do naszego firmowego bloga Watch Like Mojo! [\/vc_column_text][\/vc_column][\/vc_row]<\/p>\n","protected":false},"author":1,"featured_media":0,"parent":0,"menu_order":0,"comment_status":"closed","ping_status":"closed","template":"template-landing.php","meta":{"_acf_changed":false,"footnotes":""},"class_list":["post-2314","page","type-page","status-publish","hentry"],"acf":[],"lang":"en","translations":{"en":2314,"pl":1097},"pll_sync_post":[],"_links":{"self":[{"href":"https:\/\/mojomovies.pl\/index.php?rest_route=\/wp\/v2\/pages\/2314","targetHints":{"allow":["GET"]}}],"collection":[{"href":"https:\/\/mojomovies.pl\/index.php?rest_route=\/wp\/v2\/pages"}],"about":[{"href":"https:\/\/mojomovies.pl\/index.php?rest_route=\/wp\/v2\/types\/page"}],"author":[{"embeddable":true,"href":"https:\/\/mojomovies.pl\/index.php?rest_route=\/wp\/v2\/users\/1"}],"replies":[{"embeddable":true,"href":"https:\/\/mojomovies.pl\/index.php?rest_route=%2Fwp%2Fv2%2Fcomments&post=2314"}],"version-history":[{"count":1,"href":"https:\/\/mojomovies.pl\/index.php?rest_route=\/wp\/v2\/pages\/2314\/revisions"}],"predecessor-version":[{"id":2325,"href":"https:\/\/mojomovies.pl\/index.php?rest_route=\/wp\/v2\/pages\/2314\/revisions\/2325"}],"wp:attachment":[{"href":"https:\/\/mojomovies.pl\/index.php?rest_route=%2Fwp%2Fv2%2Fmedia&parent=2314"}],"curies":[{"name":"wp","href":"https:\/\/api.w.org\/{rel}","templated":true}]}}