{"id":2312,"date":"2023-06-02T13:44:09","date_gmt":"2023-06-02T11:44:09","guid":{"rendered":"https:\/\/mojomovies.pl\/?page_id=2312"},"modified":"2024-09-18T11:52:14","modified_gmt":"2024-09-18T09:52:14","slug":"about-us","status":"publish","type":"page","link":"https:\/\/mojomovies.pl\/?page_id=2312&lang=en","title":{"rendered":"About us"},"content":{"rendered":"<div class=\"wpb-content-wrapper\"><p>[vc_row full_width=&#8221;stretch_row_content_no_spaces&#8221; uniqid=&#8221;5cd93467e61fb&#8221;][vc_column][vc_column_text]    <section class=\"banner-area banner-area-5cd921458e92c banner-default\">\n            <div class=\"banner-item tal\" style=\"height: 900px;\">\n        \n    <div class=\"bg-overlay\">\n                        <div class=\"image\" data-parallax=\"true\" data-image-src=\"https:\/\/mojomovies.pl\/wp-content\/uploads\/2022\/06\/o-nas-1.jpg\" data-position-y=\"center\" data-speed=\"0.8\"><\/div>\n                                <div class=\"color\"><\/div>\n          <\/div>\n\n            <div class=\"container\">\n          <div class=\"row align-items-center fixed-height\" style=\"height: 900px;\">\n            <div class=\"col\">\n                              <div class=\"heading-block tal\">\n                                      <div class=\"sub-h\">learn more<\/div>\n                                      <h1 class=\"h\"><span>About us<\/span><\/h1>\n                                  <\/div>\n                              <a class=\"play-button-style2 single-popup-item\" href=\"#\" data-magic-cursor=\"link\" data-type=\"video\" data-size=\"1920x1080\" data-video='<div class=\"wrapper\"><div class=\"video-wrapper\"><iframe loading=\"lazy\" class=\"pswp__video\" width=\"1920\" height=\"1080\" src=\"https:\/\/player.vimeo.com\/video\/722614852?byline=0&#038;portrait=0&#038;autoplay=1&#038;muted=1\" frameborder=\"0\" allowfullscreen><\/iframe><\/div><\/div>'>\n                  <svg>\n                    <use xlink:href=\"#dotted-circle\"><\/use>\n                  <\/svg>\n                  <i class=\"essential-compilation-play-button\"><\/i>\n                  <i class=\"essential-compilation-play-button\"><\/i>\n                  <span>Odtw\u00f3rz<\/span>\n                <\/a>\n                          <\/div>\n          <\/div>\n        <\/div>\n      <\/div>\n    <\/section>\n    [\/vc_column_text][\/vc_column][\/vc_row][vc_row css=&#8221;.vc_custom_1654697546600{padding-top: 45px !important;padding-bottom: 0px !important;}&#8221; uniqid=&#8221;5cd9387346374&#8243;][vc_column][vc_column_text el_class=&#8221;text-t1&#8243;]<span style=\"font-weight: 400;\">We found the world of Mojo itself long ago in the adventure game series Monkey Island. And it inspired us to this climate. After all, in the waters of the film industry we feel like pirates who are not afraid of challenges and storms. We believe that reality has more to offer than what the naked eye can see. There is magic hidden in it, which we want to bring out and show to the world in our productions. And the word Mojo itself? It&#8217;s a quality that attracts people to you and makes you successful and energetic. And that&#8217;s exactly what our film studio from Wroclaw is.<\/span>[\/vc_column_text][vc_column_text el_class=&#8221;text-t1&#8243;]<span style=\"font-weight: 400;\">As far back as we can remember, we always wanted to be filmmakers. We have had experience with films since we were young, first watching them and now creating them. Our cinephile passion continues. In addition to running a film studio in Wroclaw, we also co-found WatchingClosely, one of the more widely read film platforms in Poland. We believe that in order to make good movies you need to watch them a little in advance. It&#8217;s hard for us to imagine someone who doesn&#8217;t watch movies and isn&#8217;t interested in them and calls himself a filmmaker. It&#8217;s like a chef who doesn&#8217;t like to eat.<\/span>[\/vc_column_text][vc_column_text el_class=&#8221;text-t1&#8243;]<span style=\"font-weight: 400;\">Because we know how to organize one well. To both sail to the destination port and have an interesting adventure along the way. We are not another average film crew. Watch out for us. We believe that the spells we know can conjure up any movie story . If you want to feel some of that magic, then hop on board and let&#8217;s go! The amazing world of movie stories is waiting to be discovered.<\/span>[\/vc_column_text][vc_column_text el_class=&#8221;text-t1&#8243;]<span style=\"font-weight: 400;\">Our films are sailing into wide waters &#8211; from the Internet, to television and film festivals. We rely on writing original scripts for our productions. From the local bay we went to sea, and we are heading to the ocean. We smashed a bottle of rum against the side of our ship, and hoisted a pirate flag on the mast. Our flag stands for good cinema.<\/span>[\/vc_column_text][vc_column_text el_class=&#8221;text-t1&#8243;]<span style=\"font-weight: 400;\">We are working on it. We look for innovation and fresh ideas at every step. When we do look at models, it&#8217;s usually those from across the Big Water. We&#8217;ll shoot a commercial for Tesla, help on the set of a Martin Scorsese film and drink tea from a thermos with Christopher Nolan. We&#8217;ll drink hot tea with him, but a cold one with mastermind George Miller.<\/span>[\/vc_column_text][\/vc_column][\/vc_row][vc_row css=&#8221;.vc_custom_1557742601182{padding-top: 40px !important;padding-bottom: 75px !important;}&#8221; uniqid=&#8221;5cc2b13f34c24&#8243;][vc_column][vc_column_text]      <div class=\"heading-block heading-5cc2b0fed3e3e tal h-h2 with-dots mode-overlay vc_custom_1654701966969\">\n                  <h2 class=\"h\">Who's <span>on the board?<\/span><\/h2>\n              <\/div>\n        <div class=\"team-block team-carousel-5cc2afd8f5435\">\n              <div class=\"prev base-icon-back\" data-magic-cursor=\"link-small\"><\/div>\n        <div class=\"next base-icon-next-1\" data-magic-cursor=\"link-small\"><\/div>\n            <div class=\"swiper-container\" data-magic-cursor=\"link-w-text\" data-magic-cursor-text=\"Drag\">\n        <div class=\"swiper-wrapper\">\n              <div class=\"team-item swiper-slide team-item-5cc2af2243caf\">\n      <div class=\"avatar\">\n        <div class=\"img\" style=\"background-image: url(https:\/\/mojomovies.pl\/wp-content\/uploads\/2022\/06\/Maciej-scaled-1.jpg);\"><\/div>\n              <\/div>\n      <div class=\"bottom\">\n                  <h5 class=\"name\">Maciek<\/h5>\n                  <div class=\"post\"><\/div>\n              <\/div>\n    <\/div>\n        <div class=\"team-item swiper-slide team-item-5cc2af83c81f3\">\n      <div class=\"avatar\">\n        <div class=\"img\" style=\"background-image: url(https:\/\/mojomovies.pl\/wp-content\/uploads\/2022\/06\/Dominik-scaled-e1619096233738.jpg);\"><\/div>\n              <\/div>\n      <div class=\"bottom\">\n                  <h5 class=\"name\">Dominik<\/h5>\n                  <div class=\"post\"><\/div>\n              <\/div>\n    <\/div>\n            <\/div>\n      <\/div>\n    <\/div>\n    [\/vc_column_text][\/vc_column][\/vc_row][vc_row css_animation=&#8221;fadeInUp&#8221; css=&#8221;.vc_custom_1654698161141{padding-top: 40px !important;padding-bottom: 40px !important;}&#8221; uniqid=&#8221;5ce24ce369b16&#8243;][vc_column][vc_column_text]      <div class=\"heading-block heading-5cd94337f3a06 tal h-h2 with-dots vc_custom_1654701740374\">\n                  <h2 class=\"h\">Latest <span>entries<\/span><\/h2>\n              <\/div>\n          <div class=\"blog-block filter-block blog-5cd943297a57b\">\n                <div class=\" blog-items row isotope blog-grid\">\n                      <div class=\"grid-sizer col-1\"><\/div>\n                                  <article class=\"blog-item  col-12 col-md-4 category-uncategorized\">\n              <div class=\"wrap \">\n                                <div class=\"content\">\n                                      <div class=\"date\">23\/06\/2023<\/div>\n                                      <h5 class=\"title\"><a href=\"https:\/\/mojomovies.pl\/?p=2391&#038;lang=en\">Watching Closely #19 - Artur Liebhart - Why is it important to watch documentary movies?<\/a><\/h5>\n                                      <div class=\"desc\">\nArtur Liebhart, dyrektor festiwalu Millennium Docs Against Gravity, wyzna\u0142 nam, kt\u00f3re filmy sprawi\u0142y, \u017ce pokocha\u0142 kino dokumentalne i sk\u0105d wz...<\/div>\n                                      <a class=\"button-style1\" href=\"https:\/\/mojomovies.pl\/?p=2391&#038;lang=en\"><span>Czytaj wi\u0119cej<\/span><\/a>\n                                  <\/div>\n              <\/div>\n            <\/article>\n                                  <article class=\"blog-item  col-12 col-md-4 category-uncategorized\">\n              <div class=\"wrap \">\n                                <div class=\"content\">\n                                      <div class=\"date\">10\/05\/2023<\/div>\n                                      <h5 class=\"title\"><a href=\"https:\/\/mojomovies.pl\/?p=2282\">Watching Closely #19 - Artur Liebhart - Dlaczego warto ogl\u0105da\u0107 filmy dokumentalne?<\/a><\/h5>\n                                      <div class=\"desc\">\nArtur Liebhart, dyrektor festiwalu Millennium Docs Against Gravity, wyzna\u0142 nam, kt\u00f3re filmy sprawi\u0142y, \u017ce pokocha\u0142 kino dokumentalne i sk\u0105d wz...<\/div>\n                                      <a class=\"button-style1\" href=\"https:\/\/mojomovies.pl\/?p=2282\"><span>Czytaj wi\u0119cej<\/span><\/a>\n                                  <\/div>\n              <\/div>\n            <\/article>\n                                  <article class=\"blog-item  col-12 col-md-4 category-uncategorized\">\n              <div class=\"wrap \">\n                                <div class=\"content\">\n                                      <div class=\"date\">26\/04\/2023<\/div>\n                                      <h5 class=\"title\"><a href=\"https:\/\/mojomovies.pl\/?p=2275\">Watch Like Mojo #18 - Konrad Aksinowicz - Part I - Dlaczego uciek\u0142 do Australii \u017ceby kr\u0119ci\u0107 filmy w Polsce?<\/a><\/h5>\n                                      <div class=\"desc\">\nKonrad Aksinowicz kolejnym go\u015bciem naszego podcastu!\n\n\n\nTo re\u017cyser i scenarzysta jednego z naszych ulubionych polskich film\u00f3w ostatnich lat -...<\/div>\n                                      <a class=\"button-style1\" href=\"https:\/\/mojomovies.pl\/?p=2275\"><span>Czytaj wi\u0119cej<\/span><\/a>\n                                  <\/div>\n              <\/div>\n            <\/article>\n                  <\/div>\n              <\/div>\n      [\/vc_column_text][\/vc_column][\/vc_row][vc_row uniqid=&#8221;632a216bb440c&#8221;][vc_column][vc_column_text css_animation=&#8221;fadeIn&#8221;]<\/p>\n<p style=\"text-align: center;\">Mojo Movies is a Wroclaw-based film studio. We specialize in producing promotional, advertising and event clips. Where did our name come from, who inspires us? Click and get to know us better!<\/p>\n<p>[\/vc_column_text][\/vc_column][\/vc_row]<\/p>\n<\/div>","protected":false},"excerpt":{"rendered":"<p>[vc_row full_width=&#8221;stretch_row_content_no_spaces&#8221; uniqid=&#8221;5cd93467e61fb&#8221;][vc_column][vc_column_text][\/vc_column_text][\/vc_column][\/vc_row][vc_row css=&#8221;.vc_custom_1654697546600{padding-top: 45px !important;padding-bottom: 0px !important;}&#8221; uniqid=&#8221;5cd9387346374&#8243;][vc_column][vc_column_text el_class=&#8221;text-t1&#8243;]We found the world of Mojo itself long ago in the adventure game series Monkey Island. And it inspired us to this climate. After all, in the waters of the film industry we feel like pirates who are not afraid of challenges and storms. We believe [&hellip;]<\/p>\n","protected":false},"author":1,"featured_media":0,"parent":0,"menu_order":0,"comment_status":"closed","ping_status":"closed","template":"template-landing.php","meta":{"_acf_changed":false,"footnotes":""},"class_list":["post-2312","page","type-page","status-publish","hentry"],"acf":[],"lang":"en","translations":{"en":2312,"pl":1663},"pll_sync_post":[],"_links":{"self":[{"href":"https:\/\/mojomovies.pl\/index.php?rest_route=\/wp\/v2\/pages\/2312","targetHints":{"allow":["GET"]}}],"collection":[{"href":"https:\/\/mojomovies.pl\/index.php?rest_route=\/wp\/v2\/pages"}],"about":[{"href":"https:\/\/mojomovies.pl\/index.php?rest_route=\/wp\/v2\/types\/page"}],"author":[{"embeddable":true,"href":"https:\/\/mojomovies.pl\/index.php?rest_route=\/wp\/v2\/users\/1"}],"replies":[{"embeddable":true,"href":"https:\/\/mojomovies.pl\/index.php?rest_route=%2Fwp%2Fv2%2Fcomments&post=2312"}],"version-history":[{"count":7,"href":"https:\/\/mojomovies.pl\/index.php?rest_route=\/wp\/v2\/pages\/2312\/revisions"}],"predecessor-version":[{"id":2656,"href":"https:\/\/mojomovies.pl\/index.php?rest_route=\/wp\/v2\/pages\/2312\/revisions\/2656"}],"wp:attachment":[{"href":"https:\/\/mojomovies.pl\/index.php?rest_route=%2Fwp%2Fv2%2Fmedia&parent=2312"}],"curies":[{"name":"wp","href":"https:\/\/api.w.org\/{rel}","templated":true}]}}